 14?
12
Let b = -79 - -646. Calculate the remainder when b is divided by 15.
12
Suppose k - 2*k + 174 = o, 0 = -4*o. Calculate the remainder when k is divided by 44.
42
Suppose 53 = 3*j - 34. Let m = -19 + j. Let f(b) = -b**2 + 14*b + 112. Calculate the remainder when f(-5) is divided by m.
7
Let k(q) = q**2 - 26*q + 173. Calculate the remainder when 439 is divided by k(19).
39
Let b = 55 + -26. Let f(p) = p**2 - 10*p + 13. Let s be f(9). Suppose u - 18 = -2*o, -3*o - s*u - 28 = -5*o. What is the remainder when b is divided by o?
9
Suppose 3*k - 5*d - 115 = -21, -k + 54 = 4*d. What is the remainder when k is divided by 21?
17
Let k be (1 - 10/6)*(-9)/(-6). What is the remainder when ((-320)/(-24))/(k/(-6)) is divided by 27?
26
Let s = 148 + -127. What is the remainder when 64 + -2 + 8/(-4) is divided by s?
18
Suppose 9*y = -y + 370. What is the remainder when y is divided by 14?
9
Suppose -14*w - 28 = -13*w + 5*j, -4*j = w + 25. Let i(y) = -3*y + 7. Let o be i(-5). Let a = o + w. Calculate the remainder when 33 is divided by a.
6
Let d be ((-4)/(-12))/(1/6). Suppose d = -o - 4*a - 9, 0 = o + a + 2. Let r = 19 + o. What is the remainder when r is divided by 7?
6
Suppose 2*d - 198 = -2*k + 260, 681 = 3*k - 3*d. Calculate the remainder when k is divided by 22.
8
Let j be 5697/21 + (-4)/(-42)*-3. What is the remainder when 1/2 - (0 - j/2) is divided by 47?
42
Let b be 4 - 0*(-6)/36. Suppose 0 = -y + b*d + 12, -3*y = -5*d + 2*d - 81. Calculate the remainder when y is divided by 12.
8
Let l(k) = k**3 + 8*k**2 - 4. Calculate the remainder when 448 is divided by l(-7).
43
Let b = -411 + 472. What is the remainder when b is divided by 17?
10
Let b(v) = -v**3 - 8*v**2 - v - 1. Suppose 0 = 5*u - 10*u + 65. Calculate the remainder when u is divided by b(-8).
6
Let u(n) = n + 64 - 2*n**2 + 2*n**2 - 2*n**2 + 83. Calculate the remainder when u(0) is divided by 25.
22
Suppose -25*w + 1140 - 65 = 0. Calculate the remainder when 169 is divided by w.
40
Let t(i) = 27*i**3 + i - 1. Let h(m) = -m - 4*m - m**2 - 3*m**2 + 5*m**2. Calculate the remainder when t(1) is divided by h(7).
13
Suppose 0 = 4*w + 4, p + 2*w + 3*w = 80. Suppose 728 + 1852 = 60*b. Calculate the remainder when p is divided by b.
42
Suppose 20*t = 24*t - 16. Suppose h + 2 = -t*s, 4*s = 2 + 6. What is the remainder when (-44)/(-2)*(-25)/h is divided by 19?
17
Let l(c) = 3*c - 8. Let v be l(4). Suppose v*h = 4*z + 5 - 33, 1 = h. Suppose 0 = 4*j - 148 + z. What is the remainder when j is divided by 18?
17
Let z = 5 - 14. Let g be 6/9*(-3 - z). Calculate the remainder when 9 is divided by (g/2)/((-8)/(-20)).
4
Suppose -8 = -6*a + 2*a. Let s be (0 - -4 - -1) + 2. Let b(f) = -f + 9. Calculate the remainder when b(s) is divided by a.
0
Let v = -593 + 627. Calculate the remainder when v is divided by 8.
2
Let j = 504 + -414. Calculate the remainder when j is divided by 23.
21
Let i = -50 - -84. What is the remainder when i is divided by ((-6)/(-10))/((-264)/(-8360))?
15
Suppose 3*l + p - 66 = -13, 2 = -2*p. Let c be 8/(-3)*99/(-6). Suppose 4*r + l - 64 = -2*h, 2*r - c = -2*h. What is the remainder when h is divided by 11?
10
Suppose -6*l + 5*p = -2*l - 6, -3*l + p + 10 = 0. Suppose 4*o - 5*o = -3*y - l, 4*o = -5*y + 50. What is the remainder when 38 is divided by o?
8
Suppose 3*z = 106 + 59. Calculate the remainder when 106 is divided by z.
51
Suppose 3*q + 5*j = 280, -2*q = -0*q - 4*j - 216. Calculate the remainder when (q/30)/(2/3) is divided by 4.
1
Let p = 6 + 3. Suppose -23*h = -18*h + 20. What is the remainder when p is divided by (-5)/h + (-42)/(-56)?
1
Suppose 4*g - 18 = 7*g. Calculate the remainder when 22 is divided by 0 + -1 - 54/g.
6
Let n(g) = -g**3 + 4*g**2 + 2*g - 3. Suppose a + 4*c = 6, 4*c - 2*c = 3*a - 4. Suppose q = 1 + a. Calculate the remainder when n(q) is divided by 5.
2
Suppose 2*r - 28 = -3*a, 2*r = -3*r + 3*a + 28. Suppose r = 2*q - 22. What is the remainder when 117 is divided by q?
12
Let g = 138 + -79. Let t = g - 37. What is the remainder when 39 is divided by t?
17
Let n = 789 + -759. Calculate the remainder when 3/(-2*(-1)/98) is divided by n.
27
Let m(q) = -3 + 9 - 3 + 5*q - q**2 + 2*q. Let f be 1/(3*(-4)/(-48)). What is the remainder when m(f) is divided by 6?
3
Let v(n) = -24*n - 22*n + 25*n + 11*n**2 + 12 - n**3 + 11*n**2. Calculate the remainder when 56 is divided by v(21).
8
Suppose 9*q = 13*q - 4*m - 320, 0 = -q - 2*m + 86. What is the remainder when q is divided by 27?
1
Suppose 5*o - 205 = 640. Suppose -5*i = -5*n - 370, 0*i - 2*i = 5*n - o. What is the remainder when i is divided by 41?
36
Calculate the remainder when 57/(((-7)/1)/(-7)) is divided by 22.
13
Let s(f) be the first derivative of -f**4/4 + 2*f**3/3 + 5*f**2/2 + 3*f + 4. Let t = 447 - 440. Calculate the remainder when s(-3) is divided by t.
5
Let b(a) = 4*a**2 - 7*a - 57. Calculate the remainder when b(11) is divided by 15.
5
Let n(p) = -20*p - 8. What is the remainder when 94 is divided by n(-3)?
42
Let k(c) = c**3 - c + 4. What is the remainder when k(4) is divided by 18?
10
Suppose 2*j - 3*k - 14 = k, -3*k = -2*j + 14. What is the remainder when 30 is divided by j?
2
Let r = 1792 - 1789. Calculate the remainder when 52 is divided by r.
1
Let r(u) = -33*u - 946. Calculate the remainder when 371 is divided by r(-29).
8
Let z = 44 - 22. Suppose 0 = z*a - 18*a - 56. What is the remainder when a is divided by 2/3*45/6?
4
Let z(w) = w**3 + 5*w**2 - 9*w - 6. Let b be z(-6). Suppose -b*n = -6*n - 72. What is the remainder when n is divided by 7?
5
Let z = -17 - -21. Suppose d - 85 = z*j, 5*d - 2*d = 3. Let o = 5 - j. Calculate the remainder when 101 is divided by o.
23
Let j = -14 - -10. Let o(z) = 28*z**3 - 29*z**3 - z - 3*z**2 + z - 1. What is the remainder when 59 is divided by o(j)?
14
Let q(n) = -n**3 + n**2 + 2. Let r = -1204 - -1230. What is the remainder when r is divided by q(-2)?
12
Let j(f) = -f**3 - 12*f**2 + 14. Suppose 12*h - 30 = 7*h. Suppose g + 39 = -3*y, 2*y - 2*g - 54 = h*y. What is the remainder when 55 is divided by j(y)?
13
Suppose 3174 = 22*c + c. Calculate the remainder when c is divided by 31.
14
Let f(p) = 4*p**2 + 24*p + 1. What is the remainder when 171 is divided by f(-7)?
26
Let l(x) = -3*x - 3. Let i be l(1). Let q(m) = m**3 + 7*m**2 + 3*m - 6. Calculate the remainder when 57 is divided by q(i).
9
Suppose -2*f - 2*a = -f + 7, 0 = 5*f + 2*a + 3. Calculate the remainder when (3 + (f - 0))*(-37)/(-4) is divided by 12.
1
Suppose -256*p + 3*z = -253*p - 3, 0 = -2*p - 2*z + 14. What is the remainder when 1383 is divided by p?
3
Suppose -5*z + 5*t + 60 = -620, -3*t + 9 = 0. Suppose -64 = -4*u + 2*u + 3*k, k - 2 = 0. What is the remainder when z is divided by u?
34
Suppose -4*q - 2*j = -150, 5*q = q - 3*j + 149. Let p = 30 - 27. Suppose 459 = 3*l + p*c, -3*l + 2*l + 137 = -3*c. What is the remainder when l is divided by q?
35
Let q(s) = 3*s**2 - 24*s + 18. Calculate the remainder when 29 is divided by q(8).
11
Let u = 169 - 147. What is the remainder when 46 is divided by u?
2
Let s be -6*(4 - 140/24). Let o be -11 + s - (0 - 13). Suppose 0*l = -2*m + 5*l + o, m - 4*l = 2. What is the remainder when 53 is divided by m?
11
Suppose -8 = -4*p, -c + 1 = -2*p + p. Suppose -135 = -2*l + 6*w - w, 5*l - c*w = 290. Suppose -l = -s + 24. Calculate the remainder when s is divided by 20.
19
Let t be -2*(-1)/((-4)/(-4)). Suppose -t*y + 3*k + 60 = -0*y, 124 = 4*y - 4*k. Calculate the remainder when 129 is divided by y.
30
Suppose l - 2*t = 85, 0 = 5*t + 10 + 5. Let z = l - 64. What is the remainder when z is divided by 8?
7
Suppose -4*v = -471 - 185. Calculate the remainder when v is divided by 11.
10
Let z(i) = -i**3 - i**2 + 4*i. Let o be z(3). Let g = o + 31. Calculate the remainder when (2/(-3))/((-4)/66) is divided by g.
4
Let m(y) be the second derivative of -11*y**3/2 + 3*y. Let b(i) = -i**3 + 14*i**2 + 15*i + 23. Calculate the remainder when m(-2) is divided by b(15).
20
Suppose 4*s - 4*z = 56, -5*s - 2*z + 0*z + 35 = 0. Suppose -6*i = -s*i - 24. Let g(f) = f**2 + 6*f - 5. What is the remainder when 41 is divided by g(i)?
8
Suppose -h - 64 = -5*h. Suppose -8*x + h = -12*x. What is the remainder when -2*x/(-24)*-39 is divided by 5?
3
Let v = 699 - 665. Calculate the remainder when v is